1110010000111100
Convert 1041535 (base 6) to base 11.
36299
What is -103030 (base 4) in base 9?
-1614
44324 (base 6) to base 14
236c
1319 (base 14) to base 6
23311
174 (base 10) to base 5
1144
Convert -103403 (base 6) to base 10.
-8571
Convert -945 (base 11) to base 16.
-472
Convert 1c75 (base 16) to base 4.
1301311
Convert -41401 (base 7) to base 14.
-39a8
Convert 57774 (base 8) to base 11.
17509
-3ead (base 16) to base 3
-211000021
Convert 1643 (base 15) to base 8.
11264
34102 (base 5) to base 13
112a
cac (base 16) to base 5
100434
What is 4a884 (base 11) in base 2?
10001110011100110
What is -100001 (base 2) in base 9?
-36
-11d0 (base 14) to base 7
-12050
What is 19c (base 13) in base 11?
251
21122 (base 4) to base 5
4402
Convert -b3f (base 16) to base 15.
-cbe
8631 (base 11) to base 2
10110010010000
4728 (base 10) to base 3
20111010
3000 (base 6) to base 15
2d3
What is -1412212 (base 5) in base 9?
-43765
-2a (base 11) to base 3
-1012
Convert 12101 (base 4) to base 5.
3101
35357 (base 9) to base 16
5c47
-184a (base 12) to base 2
-101101111010
What is 12 (base 10) in base 16?
c
What is -3933 (base 10) in base 4?
-331131
Convert -4 (base 12) to base 7.
-4
Convert -100001111100 (base 2) to base 8.
-4174
Convert -55250 (base 6) to base 5.
-221122
Convert -837 (base 10) to base 7.
-2304
1011110010100000 (base 2) to base 15
e493
What is -140002 (base 8) in base 16?
-c002
What is 1bf (base 16) in base 10?
447
What is 1033 (base 5) in base 12?
bb
What is -1655 (base 9) in base 16?
-4f1
What is 1de6 (base 15) in base 4?
1211310
454b (base 12) to base 7
31265
Convert -111160 (base 7) to base 2.
-100110010111010
What is 1230 (base 7) in base 9?
563
Convert -113021 (base 5) to base 3.
-12200012
What is -2353 (base 10) in base 6?
-14521
-11010010111 (base 2) to base 6
-11451
What is 45363 (base 8) in base 12?
b12b
1000301 (base 4) to base 13
1b6b
9cd (base 14) to base 7
5446
What is -604 (base 15) in base 4?
-111022
What is 111352 (base 7) in base 13?
8ca1
What is 408 (base 10) in base 3?
120010
-113434 (base 5) to base 6
-31352
1094 (base 13) to base 10
2318
1122211 (base 3) to base 16
4ba
-5944 (base 12) to base 14
-38d6
What is 13606 (base 7) in base 3?
12010011
Convert 3585 (base 9) to base 15.
bce
4174 (base 11) to base 4
1112112
-373 (base 13) to base 11
-4a7
-1345 (base 6) to base 13
-212
-2066 (base 7) to base 5
-10414
What is -7138 (base 14) in base 2?
-100101111111110
What is -84d (base 15) in base 6?
-12401
Convert -2100 (base 5) to base 3.
-101012
3442 (base 12) to base 9
7865
What is 136d (base 14) in base 11?
2638
-121101101 (base 3) to base 11
-8a79
What is -6168 (base 9) in base 5?
-121032
47478 (base 11) to base 4
100231202
What is -3008 (base 9) in base 12?
-132b
-1031321 (base 4) to base 2
-1001101111001
What is -217 (base 15) in base 16?
-1d8
-72 (base 12) to base 6
-222
-21211 (base 3) to base 16
-d3
What is 2680 (base 12) in base 6?
32240
What is -7470 (base 16) in base 4?
-13101300
Convert 112100 (base 5) to base 16.
fb9
-5d57 (base 16) to base 14
-89cb
What is -83ad (base 16) in base 13?
-12460
What is 159e (base 16) in base 3?
21120222
Convert 1001100110 (base 2) to base 4.
21212
Convert -1011212 (base 3) to base 10.
-860
314334 (base 5) to base 2
10100101100010
Convert -1321 (base 6) to base 15.
-177
Convert 113 (base 12) to base 3.
12220
What is -12201122 (base 3) in base 4?
-1001033
-20120210 (base 3) to base 15
-1650
-1855 (base 9) to base 13
-85a
Convert -11524 (base 6) to base 10.
-1708
What is -143 (base 10) in base 4?
-2033
-178a (base 15) to base 10
-5080
Convert -10021231 (base 4) to base 12.
-9a11
Convert 1130 (base 7) to base 12.
2a5
What is -211 (base 11) in base 3?
-100102
Convert b13 (base 15) to base 14.
ca1
What is 1720 (base 12) in base 7?
11022
What is 11110010 (base 2) in base 15?
112
What is -98b3 (base 13) in base 15?
-6481
What is 12001 (base 6) in base 3?
2101001
What is 523462 (base 7) in base 16?
15ffa
What is 40 (base 16) in base 14?
48
-1028 (base 10) to base 8
-2004
-300344 (base 5) to base 13
-440a
Convert -4221330 (base 5) to base 6.
-1301023
What is -4244 (base 8) in base 9?
-3027
Convert 10732 (base 14) to base 15.
bc07
11142 (base 5) to base 8
1435
What is 46a (base 12) in base 6?
3014
-329 (base 14) to base 3
-212011
Convert -11042 (base 8) to base 3.
-20100221
-12303012 (base 4) to base 13
-c8a0
What is 1064 (base 9) in base 11?
656
What is -2033221 (base 4) in base 11?
-69a8
Convert -231214 (base 5) to base 10.
-8309
-43ab (base 16) to base 13
-7b67
Convert 4031 (base 14) to base 16.
2b0b
-431 (base 14) to base 3
-1010122
What is -15343 (base 10) in base 5?
-442333
-254405 (base 7) to base 15
-deb2
Convert -1e8 (base 16) to base 9.
-602
2225 (base 15) to base 13
33a7
10002012101 (base 3) to base 8
166354
Convert -13474 (base 9) to base 4.
-2032303
Convert -10176 (base 9) to base 8.
-15067
Convert 17499 (base 14) to base 7.
332452
-6014 (base 14) to base 11
-11424
-1042 (base 14) to base 3
-10211210
What is -16716 (base 11) in base 13?
-a900
Convert -22011 (base 3) to base 10.
-220
-22100210 (base 3) to base 13
-2a0c
Convert 813 (base 12) to base 5.
14132
-1267 (base 8) to base 5
-10240
What is 100423 (base 5) in base 13?
1621
Convert 31a (base 14) to base 3.
211200
-6664 (base 12) to base 2
-10110000101100
What is 1000100000 (base 2) in base 10?
544
-3c (base 14) to base 15
-39
-2b (base 15) to base 9
-45
What is -3537 (base 9) in base 10?
-2626
What is -222000221 (base 3) in base 15?
-5954
What is -242 (base 10) in base 11?
-200
What is 2a2c (base 16) in base 8?
25054
27916 (base 12) to base 10
54882
Convert 344424 (base 5) to base 12.
7289
What is 617 (base 9) in base 3?
200121
What is 6ce (base 16) in base 5?
23432
What is -414340 (base 6) in base 10?
-33396
What is 611 (base 13) in base 8?
2004
10002002 (base 3) to base 13
1037
12351 (base 8) to base 16
14e9
What is 1a0 (base 13) in base 8?
453
What is 2a6 (base 13) in base 5?
3344
What is 111011200 (base 3) in base 13?
44a9
Convert 61368 (base 9) to base 7.
225533
Convert -13920 (base 13) to base 8.
-107533
-35b (base 14) to base 3
-220210
What is 51111 (base 6) in base 4?
1221103
Convert -2528 (base 11) to base 9.
-4463
What is 314111 (base 5) in base 15?
31c1
Convert -111011110011 (base 2) to base 9.
-5222
Convert -15707 (base 8) to base 13.
-3310
-134343 (base 5) to base 15
-19d3
244332 (base 5) to base 8
22176
-192 (base 13) to base 8
-440
What is -121203 (base 4) in base 2?
-11001100011
What is -466b (base 16) in base 5?
-1034102
Convert 13772 (base 10) to base 2.
11010111001100
What is -7728 (base 13) in base 15?
-4db6
What is 2704 (base 8) in base 2?
10111000100
Convert 404 (base 11) to base 12.
348
Convert -1044 (base 6) to base 16.
-f4
Convert 10101110101011 (base 2) to base 16.
2bab
What is 2535 (base 10) in base 5?
40120
What is 31134 (base 6) in base 8?
10102
2002200 (base 5) to base 16
7b3e
Convert -77204 (base 8) to base 6.
-405540
Convert 3b0 (base 12) to base 5.
4224
What is -20d1 (base 14) in base 3?
-21210001
What is -858 (base 14) in base 6?
-11342
-322 (base 8) to base 14
-110
17576 (base 8) to base 14
2d1c
-2014a (base 11) to base 16
-7311
Convert -93 (base 10) to base 8.
-135
What is 42a (base 12) in base 5?
4420
What is -20133 (base 6) in base 3?
-10122010
Convert 63000 (base 8) to base 7.
136062
What is 10101110 (base 2) in base 4?
2232
Convert 10015 (base 6) to base 10.
1307
-313213 (base 5) to base 9
-15272
Convert -1010001100 (base 2) to base 11.
-543
111110011 (base 2) to base 13
2c5
861 (base 9) to base 15
31d
What is 42651 (base 9) in base 12?
1440a
What is -1460 (base 14) in base 11?
-2794
-2101110011 (base 3) to base 7
-253660
What is 1097 (base 13) in base 2?
100100010001
336 (base 11) to base 5
3102
-1424 (base 7) to base 9
-678
Convert -1235 (base 7) to base 12.
-32b
What is -1262 (base 8) in base 7?
-2004
What is 6427 (base 15) in base 13?
984a
Convert 2212 (base 6) to base 2.
1000000000
What is -11000000110 (base 2) in base 3?
-2010010
Convert -263a (base 15) to base 2.
-1111111011011
Convert -112442 (base 5) to base 13.
-1b51
Convert 11110100 (base 2) to base 15.
114
8577 (base 11) to base 13
5211
Convert -120310 (base 4) to base 8.
-3064
Convert -10010000 (base 2) to base 10.
-144
What is 203132